{"id":1361,"date":"2017-02-21T09:41:29","date_gmt":"2017-02-21T08:41:29","guid":{"rendered":"http:\/\/sitetemplate1.advsite.net\/?page_id=1361"},"modified":"2017-02-21T09:41:29","modified_gmt":"2017-02-21T08:41:29","slug":"chi-siamo","status":"publish","type":"page","link":"https:\/\/peaceful-margulis.178-32-136-152.plesk.page\/?page_id=1361","title":{"rendered":"Associazione"},"content":{"rendered":"<p><div class=\"et_d4_element et_pb_section et_pb_section_0 et_pb_with_background  et_pb_css_mix_blend_mode et_pb_fullwidth_section et_section_regular et_section_transparent et_block_section\" >\n\t\t\t\t\n\t\t\t\t\n\t\t\t\t\n\t\t\t\t\n\t\t\t\t\n\t\t\t\t\n\t\t\t\t<div class=\"et_pb_module et_d4_element et_pb_fullwidth_image et_pb_fullwidth_image_0 et_animated et-waypoint\">\n\t\t\t\t\n\t\t\t\t\n\t\t\t\t\n\t\t\t\t\n\t\t\t\t<img decoding=\"async\" src=\"http:\/\/ados.advisualweb.it\/wp-content\/uploads\/sites\/39\/2017\/04\/Screenshot-at-apr-07-11-27-38.png\" alt=\"\" title=\"\" \/>\n\t\t\t\n\t\t\t<\/div>\n\t\t\t\t\n\t\t\t\t\n\t\t\t<\/div><div class=\"et_d4_element et_pb_section et_pb_section_1  et_pb_css_mix_blend_mode et_section_regular et_block_section\" >\n\t\t\t\t\n\t\t\t\t\n\t\t\t\t\n\t\t\t\t\n\t\t\t\t\n\t\t\t\t\n\t\t\t\t<div class=\"et_d4_element et_pb_row et_pb_row_0  et_pb_css_mix_blend_mode et_block_row\">\n\t\t\t\t<div class=\"et_d4_element et_pb_column_1_3 et_pb_column et_pb_column_0  et_pb_css_mix_blend_mode et_block_column\">\n\t\t\t\t\n\t\t\t\t\n\t\t\t\t\n\t\t\t\t\n\t\t\t\t<div class=\"et_pb_module et_d4_element et_pb_image et_pb_image_0 et_animated et-waypoint\">\n\t\t\t\t\n\t\t\t\t\n\t\t\t\t\n\t\t\t\t\n\t\t\t\t<span class=\"et_pb_image_wrap \"><img decoding=\"async\" src=\"http:\/\/ados.advisualweb.it\/wp-content\/uploads\/sites\/39\/2017\/05\/cennistorici.jpg\" alt=\"\" title=\"\" \/><\/span>\n\t\t\t<\/div><div class=\"et_pb_button_module_wrapper et_pb_button_0_wrapper  et_pb_module \">\n\t\t\t\t<a class=\"et_pb_button et_d4_element et_pb_button_0 et_pb_bg_layout_light et_block_module\" href=\"http:\/\/sito.adoslanciano.it\/wp-content\/uploads\/sites\/39\/2023\/06\/STATUTO-NUOVO-REGISTRATO.pdf\" target=\"_blank\">Visiona lo statuto<\/a>\n\t\t\t<\/div>\n\t\t\t<\/div><div class=\"et_d4_element et_pb_column_2_3 et_pb_column et_pb_column_1  et_pb_css_mix_blend_mode et-last-child et_block_column\">\n\t\t\t\t\n\t\t\t\t\n\t\t\t\t\n\t\t\t\t\n\t\t\t\t<div class=\"et_pb_module et_d4_element et_pb_text et_pb_text_0  et_pb_text_align_left et_pb_bg_layout_light\">\n\t\t\t\t\n\t\t\t\t\n\t\t\t\t\n\t\t\t\t\n\t\t\t\t<div class=\"et_pb_text_inner\"><h3 class=\"plain\"><span style=\"font-size: x-large\"><strong><span class=\"heading1\">Insieme si pu\u00f2 fare molto<\/span><\/strong><\/span><\/h3>\n<div class=\"plain\" align=\"justify\"><span class=\"plainlarge\">Riconoscere e definire il ruolo delle Associazioni dei Donatori di Sangue \u00e8 operazione non semplice, ma possibile, alla luce della loro storia e delle dichiarazioni dei diritti dell\u2019uomo e del malato.<\/span><span class=\"plainlarge\">La forte vocazione al volontariato e quindi alla libera, intenzionale, spontanea ed elettiva scelta di impegnarsi per l\u2019uomo in generale e per il malato in particolare, ha ispirato e guidato il sorgere ed il vivere anche dell\u2019A.Do.S. di Lanciano che ormai da ben quarant\u2019anni, attraverso il dibattito sui problemi della societ\u00e0, puntando sulla formazione e l\u2019illuminazione delle coscienze, ha cercato di trovare la soluzione al problema del fabbisogno di sangue.<\/span><span class=\"plainlarge\">\u00a0\u00a0<\/span><\/div>\n<div class=\"plain\" align=\"justify\"><span class=\"plainlarge\">\u00a0<\/span><\/div>\n<div class=\"plain\" align=\"justify\"><span class=\"plainlarge\">Sostanzialmente due sono i principi ispiratori della nostra Associazione: solidariet\u00e0 sociale e sussidiariet\u00e0, ed ancora il riconoscimento del valore della dignit\u00e0 della persona; si tratta di principi non chiusi in se stessi ma intesi nella loro verit\u00e0 di realt\u00e0 aperta e perci\u00f2 capaci di costituire - come hanno costituito nel passato - il fondamento naturale dell\u2019azione sociale dei donatori e del loro impegno nel campo della educazione alla solidariet\u00e0.<\/span><\/div><\/div>\n\t\t\t<\/div><div class=\"et_pb_with_border et_pb_module et_d4_element et_pb_gallery et_pb_gallery_0  et_pb_bg_layout_light et_pb_slider et_pb_gallery_fullwidth et_slider_auto et_slider_speed_3000 clearfix\">\n\t\t\t\t<div class=\"et_pb_gallery_items et_pb_grid_items et_post_gallery clearfix\" data-per_page=\"4\"><div class=\"et_pb_gallery_item et_pb_bg_layout_light et_pb_css_mix_blend_mode et_pb_gallery_item_0_0\"><div class=\"et_pb_gallery_image landscape\">\n\t\t\t\t\t<a href=\"https:\/\/peaceful-margulis.178-32-136-152.plesk.page\/wp-content\/uploads\/2017\/05\/20150507_192534-1-scaled.jpg\" title=\"20150507_192534\">\n\t\t\t\t\t<img loading=\"lazy\" decoding=\"async\" width=\"2560\" height=\"1920\" src=\"https:\/\/peaceful-margulis.178-32-136-152.plesk.page\/wp-content\/uploads\/2017\/05\/20150507_192534-1-scaled.jpg\" class=\"wp-image-1526\" srcset=\"https:\/\/peaceful-margulis.178-32-136-152.plesk.page\/wp-content\/uploads\/2017\/05\/20150507_192534-1-scaled.jpg 2560w, https:\/\/peaceful-margulis.178-32-136-152.plesk.page\/wp-content\/uploads\/2017\/05\/20150507_192534-1-1280x960.jpg 1280w, https:\/\/peaceful-margulis.178-32-136-152.plesk.page\/wp-content\/uploads\/2017\/05\/20150507_192534-1-980x735.jpg 980w, https:\/\/peaceful-margulis.178-32-136-152.plesk.page\/wp-content\/uploads\/2017\/05\/20150507_192534-1-480x360.jpg 480w\" sizes=\"(min-width: 0px) and (max-width: 480px) 480px, (min-width: 481px) and (max-width: 980px) 980px, (min-width: 981px) and (max-width: 1280px) 1280px, (min-width: 1281px) 2560px, 100vw\" \/>\n\t\t\t\t\t\n\t\t\t\t<\/a>\n\t\t\t\t<\/div><\/div><div class=\"et_pb_gallery_item et_pb_bg_layout_light et_pb_css_mix_blend_mode et_pb_gallery_item_0_1\"><div class=\"et_pb_gallery_image landscape\">\n\t\t\t\t\t<a href=\"https:\/\/peaceful-margulis.178-32-136-152.plesk.page\/wp-content\/uploads\/2017\/05\/20150606_190713-scaled.jpg\" title=\"20150606_190713\">\n\t\t\t\t\t<img loading=\"lazy\" decoding=\"async\" width=\"2560\" height=\"1920\" src=\"https:\/\/peaceful-margulis.178-32-136-152.plesk.page\/wp-content\/uploads\/2017\/05\/20150606_190713-scaled.jpg\" class=\"wp-image-1527\" srcset=\"https:\/\/peaceful-margulis.178-32-136-152.plesk.page\/wp-content\/uploads\/2017\/05\/20150606_190713-scaled.jpg 2560w, https:\/\/peaceful-margulis.178-32-136-152.plesk.page\/wp-content\/uploads\/2017\/05\/20150606_190713-1280x960.jpg 1280w, https:\/\/peaceful-margulis.178-32-136-152.plesk.page\/wp-content\/uploads\/2017\/05\/20150606_190713-980x735.jpg 980w, https:\/\/peaceful-margulis.178-32-136-152.plesk.page\/wp-content\/uploads\/2017\/05\/20150606_190713-480x360.jpg 480w\" sizes=\"(min-width: 0px) and (max-width: 480px) 480px, (min-width: 481px) and (max-width: 980px) 980px, (min-width: 981px) and (max-width: 1280px) 1280px, (min-width: 1281px) 2560px, 100vw\" \/>\n\t\t\t\t\t\n\t\t\t\t<\/a>\n\t\t\t\t<\/div><\/div><div class=\"et_pb_gallery_item et_pb_bg_layout_light et_pb_css_mix_blend_mode et_pb_gallery_item_0_2\"><div class=\"et_pb_gallery_image landscape\">\n\t\t\t\t\t<a href=\"https:\/\/peaceful-margulis.178-32-136-152.plesk.page\/wp-content\/uploads\/2017\/05\/IMG-20160409-WA0003.jpg\" title=\"IMG-20160409-WA0003\">\n\t\t\t\t\t<img loading=\"lazy\" decoding=\"async\" width=\"747\" height=\"1328\" src=\"https:\/\/peaceful-margulis.178-32-136-152.plesk.page\/wp-content\/uploads\/2017\/05\/IMG-20160409-WA0003.jpg\" class=\"wp-image-1528\" srcset=\"https:\/\/peaceful-margulis.178-32-136-152.plesk.page\/wp-content\/uploads\/2017\/05\/IMG-20160409-WA0003.jpg 747w, https:\/\/peaceful-margulis.178-32-136-152.plesk.page\/wp-content\/uploads\/2017\/05\/IMG-20160409-WA0003-480x853.jpg 480w\" sizes=\"(min-width: 0px) and (max-width: 480px) 480px, (min-width: 481px) 747px, 100vw\" \/>\n\t\t\t\t\t\n\t\t\t\t<\/a>\n\t\t\t\t<\/div><\/div><div class=\"et_pb_gallery_item et_pb_bg_layout_light et_pb_css_mix_blend_mode et_pb_gallery_item_0_3\"><div class=\"et_pb_gallery_image landscape\">\n\t\t\t\t\t<a href=\"https:\/\/peaceful-margulis.178-32-136-152.plesk.page\/wp-content\/uploads\/2017\/05\/maria1.jpg\" title=\"maria1\">\n\t\t\t\t\t<img loading=\"lazy\" decoding=\"async\" width=\"335\" height=\"261\" src=\"https:\/\/peaceful-margulis.178-32-136-152.plesk.page\/wp-content\/uploads\/2017\/05\/maria1.jpg\" class=\"wp-image-1533\" srcset=\"https:\/\/peaceful-margulis.178-32-136-152.plesk.page\/wp-content\/uploads\/2017\/05\/maria1.jpg 335w, https:\/\/peaceful-margulis.178-32-136-152.plesk.page\/wp-content\/uploads\/2017\/05\/maria1-300x234.jpg 300w\" sizes=\"(max-width: 335px) 100vw, 335px\" \/>\n\t\t\t\t\t\n\t\t\t\t<\/a>\n\t\t\t\t<\/div><\/div><\/div><\/div>\n\t\t\t<\/div>\n\t\t\t\t\n\t\t\t\t\n\t\t\t\t\n\t\t\t\t\n\t\t\t<\/div>\n\t\t\t\t\n\t\t\t\t\n\t\t\t<\/div><\/p>\n","protected":false},"excerpt":{"rendered":"","protected":false},"author":1,"featured_media":0,"parent":0,"menu_order":0,"comment_status":"closed","ping_status":"closed","template":"","meta":{"_et_pb_use_builder":"on","_et_pb_old_content":"","_et_gb_content_width":"","footnotes":""},"class_list":["post-1361","page","type-page","status-publish","hentry"],"_links":{"self":[{"href":"https:\/\/peaceful-margulis.178-32-136-152.plesk.page\/index.php?rest_route=\/wp\/v2\/pages\/1361","targetHints":{"allow":["GET"]}}],"collection":[{"href":"https:\/\/peaceful-margulis.178-32-136-152.plesk.page\/index.php?rest_route=\/wp\/v2\/pages"}],"about":[{"href":"https:\/\/peaceful-margulis.178-32-136-152.plesk.page\/index.php?rest_route=\/wp\/v2\/types\/page"}],"author":[{"embeddable":true,"href":"https:\/\/peaceful-margulis.178-32-136-152.plesk.page\/index.php?rest_route=\/wp\/v2\/users\/1"}],"replies":[{"embeddable":true,"href":"https:\/\/peaceful-margulis.178-32-136-152.plesk.page\/index.php?rest_route=%2Fwp%2Fv2%2Fcomments&post=1361"}],"version-history":[{"count":0,"href":"https:\/\/peaceful-margulis.178-32-136-152.plesk.page\/index.php?rest_route=\/wp\/v2\/pages\/1361\/revisions"}],"wp:attachment":[{"href":"https:\/\/peaceful-margulis.178-32-136-152.plesk.page\/index.php?rest_route=%2Fwp%2Fv2%2Fmedia&parent=1361"}],"curies":[{"name":"wp","href":"https:\/\/api.w.org\/{rel}","templated":true}]}}